-2).
180
Let k(p) = 20*p + 11. What is k(8)?
171
Let k(b) = -3*b**2 - 1537*b + 3083. What is k(2)?
-3
Let t(v) = 862*v + 55. Calculate t(-1).
-807
Let i(j) = 12*j - 13. Calculate i(34).
395
Let g(q) = 9*q**2 + 20*q - 5. Calculate g(-3).
16
Let z(t) = -t**3 - 109*t**2 - 113*t - 519. What is z(-108)?
21
Let x(b) = -b**3 + 12*b**2 + 43*b + 28. Determine x(15).
-2
Let i(o) = -o**2 - 21*o + 62. Calculate i(-11).
172
Let v(x) = -x**3 + 7*x**2 - 5*x - 61. Calculate v(4).
-33
Let p(u) = u**3 - 14*u**2 - 23*u - 137. Give p(16).
7
Let v(d) = -13*d**2 + 24*d + 18. What is v(2)?
14
Let s(h) = -509*h - 4069. What is s(-8)?
3
Let h(p) = -2*p**2 - 280*p - 8112. Give h(-41).
6
Let z(m) = -6*m**2 - 38*m + 26. Determine z(-10).
-194
Let b(i) = 94*i - 22. What is b(3)?
260
Let s(p) = -p**3 + 34*p**2 - 276*p - 89. Give s(20).
-9
Let v(f) = f**3 + 51*f**2 - f + 7. Give v(-51).
58
Let n(i) = -10*i**2 + 1001*i + 2985. Determine n(103).
-2
Let l(n) = -27*n - 129. What is l(-5)?
6
Let y(v) = 16*v - 82. Determine y(0).
-82
Let c(t) = 3*t**3 + 55*t**2 - 39*t + 80. Calculate c(-19).
99
Let g(a) = -a**3 - a**2 + 6*a - 5. Determine g(-6).
139
Let w(t) = -30*t + 540. Give w(19).
-30
Let j(b) = -b + 83. Determine j(15).
68
Let g(l) = l**2 + 225*l + 1538. Calculate g(-7).
12
Let l(x) = -x**2 + 224*x + 29470. What is l(-93)?
-11
Let q(g) = -2*g**3 - 8*g**2 - 10*g + 4. Give q(-3).
16
Let h(o) = 113*o - 1598. What is h(15)?
97
Let i(s) = -4*s**2 - 172*s - 936. What is i(-6)?
-48
Let z(d) = -d**3 + 20*d**2 - 23*d - 37. Calculate z(19).
-113
Let q(t) = -5*t**2 + 52*t - 11. What is q(11)?
-44
Let p(r) = 3432*r - 20567. Give p(6).
25
Let i(m) = -34*m**2 + 23*m - 88. Calculate i(4).
-540
Let s(h) = 72*h - 450. Determine s(6).
-18
Let j(n) = n**2 - 21*n - 321. Give j(27).
-159
Let m(g) = -g**2 - 81*g - 899. What is m(-71)?
-189
Let m(r) = r**3 - 18*r**2 - 86*r - 107. What is m(22)?
-63
Let k(s) = 2*s**3 + 45*s**2 - 28*s - 199. Determine k(-23).
-84
Let j(d) = -3*d**3 - 37*d**2 - 81*d - 2. What is j(-9)?
-83
Let v(w) = w**2 + 1311*w - 30682. Determine v(23).
0
Let a(q) = 12*q - 47. What is a(14)?
121
Let r(g) = 2*g**3 + 19*g**2 - 13*g - 20. Determine r(-10).
10
Let m(a) = 788*a + 6310. Calculate m(-8).
6
Let y(m) = 107*m + 1511. Give y(-14).
13
Let w(a) = -a**3 - 10*a**2 + 4*a + 33. Determine w(-12).
273
Let j(o) = -2*o**2 + 7*o - 26. Calculate j(6).
-56
Let t(h) = 7*h + 80. Calculate t(-17).
-39
Let v(y) = -y**3 - 43*y**2 - 106*y + 567. Determine v(-40).
7
Let h(a) = a**3 - 8*a**2 - 75*a + 246. Give h(12).
-78
Let y(c) = 69*c - 3176. What is y(50)?
274
Let c(y) = -152*y + 20148. Give c(132).
84
Let t(p) = -13*p**3 - 6*p**2 - 12*p - 2. What is t(-2)?
102
Let d(u) = -u**3 - 26*u**2 + 127*u + 243. Determine d(-30).
33
Let n(x) = -4*x**2 + 316*x - 1201. Give n(75).
-1
Let h(y) = -49*y + 370. Give h(8).
-22
Let g(c) = -6*c**3 - 14*c**2 + 10*c + 13. What is g(-3)?
19
Let g(u) = -u**3 + 24*u**2 + 11*u - 779. Calculate g(23).
3
Let t(j) = -511*j - 1715. Calculate t(-4).
329
Let f(g) = 78*g + 12. What is f(-1)?
-66
Let r(t) = 56*t + 2740. Determine r(-49).
-4
Let z(n) = -6*n**2 + n + 203. Give z(0).
203
Let y(f) = 58*f**3 - 84*f**2 + 6*f - 2. Calculate y(2).
138
Let q(p) = 28*p**3 - 282*p**2 + 19*p + 9. What is q(10)?
-1
Let i(m) = 27*m**2 - 138*m + 10. Give i(4).
-110
Let p(b) = 559*b - 4478. Determine p(8).
-6
Let p(v) = 131*v - 4105. Determine p(30).
-175
Let q(t) = -t**3 - 3*t**2 + 23*t + 27. Give q(-1).
2
Let b(l) = -l**2 + 51*l - 226. Determine b(44).
82
Let w(s) = 247*s - 13. Give w(0).
-13
Let y(h) = -2985*h - 53733. What is y(-18)?
-3
Let h(p) = 23*p + 34. Determine h(8).
218
Let x(s) = -116*s + 10210. Give x(88).
2
Let h(j) = -8469*j - 50827. What is h(-6)?
-13
Let a(c) = 9*c**2 - 20*c - 68. What is a(5)?
57
Let v(t) = -146*t - 83. Determine v(-3).
355
Let w(d) = -d**3 + 21*d**2 - 32*d - 15. Give w(19).
99
Let j(y) = 2*y**3 + 20*y**2 - 167. Determine j(-8).
89
Let s(x) = x**3 + 50*x**2 + 321*x - 555. Calculate s(-42).
75
Let k(y) = -3*y**2 + 12*y - 2. Determine k(2).
10
Let s(x) = -3*x**2 + 186*x + 1709. Determine s(70).
29
Let a(n) = n**3 + 54*n**2 + 329*n - 3. What is a(-47)?
-3
Let j(l) = -1044*l + 95002. Give j(91).
-2
Let y(z) = -z**3 + 58*z**2 - 377*z - 8. Determine y(7).
-148
Let l(y) = 10*y - 801. What is l(81)?
9
Let n(y) = 39*y - 5420. Give n(139).
1
Let l(q) = -3*q + 6. What is l(20)?
-54
Let y(j) = j**3 - 10*j**2 - 72*j + 701. Determine y(11).
30
Let g(r) = 122*r**2 + r - 3. Determine g(-1).
118
Let o(n) = -54*n - 1811. Calculate o(-38).
241
Let m(a) = -17*a + 878. Give m(52).
-6
Let j(n) = n**3 + 19*n**2 + 83*n + 5. Give j(-14).
-177
Let t(g) = -3*g**3 + 253*g**2 - 1405*g - 22. What is t(6)?
8
Let z(b) = 1345*b - 9. Calculate z(0).
-9
Let f(c) = 5*c**3 - 6*c**2 - 7*c - 2. What is f(5)?
438
Let z(a) = -48*a + 1448. Determine z(26).
200
Let l(n) = -3*n**3 - 8*n**2 + 3*n + 2. Determine l(-4).
54
Let b(n) = 2*n**2 - 163*n + 2912. Determine b(55).
-3
Let j(b) = -24*b**2 + 294*b + 683. What is j(-2)?
-1
Let a(k) = -20*k + 572. What is a(28)?
12
Let n(d) = 2*d**2 - 102*d - 551. Give n(56).
9
Let y(p) = -7*p + 141. Give y(22).
-13
Let a(n) = n**3 + 21*n**2 - 154*n. Calculate a(6).
48
Let c(g) = 4*g**2 - 93*g + 63. What is c(20)?
-197
Let d(i) = -i**3 - 19*i**2 - 76*i + 2. What is d(-5)?
32
Let d(j) = -4*j**3 - 3*j**2 - 4. What is d(-3)?
77
Let o(z) = -54*z - 287. What is o(-5)?
-17
Let k(y) = y**2 - 298*y + 584. Give k(2).
-8
Let v(c) = c**2 + 80*c + 431. What is v(-6)?
-13
Let l(v) = -v**3 - 29*v**2 - 202*v - 51. Calculate l(-18).
21
Let d(s) = 2*s**2 - 46*s + 240. Calculate d(16).
16
Let f(s) = -s**2 + 53*s - 382. Determine f(45).
-22
Let i(f) = -16*f + 153. Determine i(6).
57
Let j(o) = 37*o**2 + 82*o + 13. Calculate j(-2).
-3
Let t(k) = -k**3 + 6*k**2 - 569*k + 4027. What is t(7)?
-5
Let z(j) = j**3 - 43*j**2 + 33*j + 365. Give z(42).
-13
Let h(i) = i**2 - 16*i - 8. What is h(9)?
-71
Let y(h) = 47*h - 425. Give y(9).
-2
Let q(a) = -39*a + 62. Give q(9).
-289
Let n(x) = 5*x**2 - 5*x - 8. Determine n(10).
442
Let t(g) = 22*g**2 + 166*g + 10. Determine t(-9).
298
Let m(d) = -d**3 + 45*d**2 + 622*d - 328. What is m(56)?
8
Let s(f) = f**3 - 18*f**2 + 170*f - 2598. Determine s(17).
3
Let s(j) = 5*j**2 - 46*j + 57. Determine s(7).
-20
Let s(t) = 98*t**2 + 2058*t + 11. What is s(-21)?
11
Let h(x) = -x**2 + 49*x - 68. Calculate h(49).
-68
Let o(a) = -a**2 - 5*a + 13. Determine o(-9).
-23
Let g(b) = 59*b + 402. Determine g(6).
756
Let a(y) = -19*y - 14. Give a(-5).
81
Let c(v) = -2*v**3 + 2*v**2 + v + 4. Determine c(0).
4
Let z(k) = 2*k**3 - 47*k**2 - 79*k + 111. Give z(25).
11
Let q(x) = -x**3 + 25*x**2 + 216*x - 83. Determine q(-7).
-27
Let g(i) = -6*i**3 + 71*i**2 + 10*i + 21. What is g(12)?
-3
Let w(d) = 4*d**2 + 47*d + 137. Give w(-3).
32
Let z(q) = -q**2 - 303*q - 5733. Determine z(-20).
-73
Let z(r) = -80*r - 127. Give z(-2).
33
Let w(m) = 2*m**3 - 19*m**2 - 6*m - 45. What is w(10)?
-5
Let i(f) = -3*f**3 - 2*f**2 + 2466*f + 17. Give i(-29).
-12
Let m(f) = 7*f**2 - 497*f - 514. Give m(72).
-10
Let q(s) = -s**2 - 129*s - 1229. Give q(-10).
-39
Let h(a) = -17*a + 150. Give h(13).
-71
Let n(p) = 10*p - 63. Determine n(29).
227
Let o(d) = -793*d - 3177. Calculate o(-4).
-5
Let t(c) = 2*c**2 + 37*c + 58. Calculate t(-17).
7
Let g(v) = v**2 + 363*v + 10940. Determine g(-33).
50
Let x(w) = 3*w**2 - 62*w + 49. What is x(21)?
70
Let w(j) = 81*j - 10460. Give w(130).
70
Let v(d) = -d**2 - 40*d + 626. What is v(-52)?
2
Let x(a) = -2*a**3 + 23*a**2 - 269*a + 4748. Determine x(14).
2
Let q(c) = 210*c - 21220. Give q(101).
-10
Let j(z) = 3*z**3 - 72*z**2 - 9*z + 242. Determine j(24).
26
Let w(s) = -s**3 - 8*s**2 + 32*s + 251. Determine w(-8).
-5
Let h(m) = -m**2 + 163*m + 1733. Give h(-10).
3
Let z(n) = -n**2 - 31*n + 666. What is z(-45)?
36
Let d(v) = v**3 - v**2 - 14*v - 4. Calculate d(4).
-12
Let n(b) = b**2 + 190*b + 8974. Give n(-102).
-2
Let u(s) = 70*s**3 - 5*s**2 + 3*s + 1. Give u(1).
69
Let m(z) = 3*z**2 - 143*z + 1707. Determine m(16).
187
Let l(t) = 12*t**2 - 16*t + 11. Determine l(4).
139
Let f(b) = -6331*b + 113962. Give f(18).
4
Let a(x) = 82*x**3 - x**2 - 4*x + 2. Determine a(1).
79
Let f(i) = -3*i**2 + 205. What is f(-9)?
-38
Let q(u) = 4*u**2 - 53*u + 209. Give q(5).
44
